) = 3*l(h) + 7*z(h). Give m(1).
8
Let a(v) = -3*v + 5. Let f(y) = y - 11. Let j = -739 + 755. Let n be f(j). Give a(n).
-10
Let y = -4 - -4. Suppose -3*t = -280 - 986. Let r(s) = t*s**2 - 3 + 8 - s**3 - s - 423*s**2. Determine r(y).
5
Suppose 5*f - 284 + 269 = 0. Let n(j) = -15*j + 8. Calculate n(f).
-37
Let m(y) = -27363 - y - 23*y + 3*y**2 + 27374. Determine m(6).
-25
Let p be ((-216)/40)/27*5. Let l(q) = -28*q - 7. What is l(p)?
21
Let n = 435 - 426. Let x(c) be the second derivative of c**5/20 - 2*c**4/3 - 2*c**3 + 11*c**2/2 + 45*c. Give x(n).
-16
Suppose -2*s + 3103 = 5*f + 3145, -4*s - 24 = 0. Let l(p) = 2*p**3 + 11*p**2 - 4*p - 13. Give l(f).
-25
Let i(y) = y**2 + 7*y. Let g be (-168)/10 + -3 + (-2)/10. Let t be g/6 - 12/18. Let q be t/(-18) + (-3)/(27/65). Give i(q).
0
Suppose 2*p = 3*p - 6. Let r(i) be the second derivative of i**4/12 - 7*i**3/6 + 3*i**2/2 - 10*i. Let x be r(p). Let j(l) = l + 1. Determine j(x).
-2
Let k be -2 + 2 - 6*1/((-3)/(-2)). Let z(f) = -5*f + 9. Let y(d) = d - 1. Let q(v) = 4*y(v) + z(v). Determine q(k).
9
Suppose b - 3*w = 14, 3*w - 54 + 56 = -5*b. Let i(z) = -3*z + b*z - 1156 + 1141. Calculate i(-9).
-6
Let c(o) be the first derivative of -4*o**3/3 + 2*o + 12. Let s be 5/(-10) - (-10)/4. Determine c(s).
-14
Let y(r) = 114*r**2 + 66903 - 113*r**2 - 66897 + 5*r. Let o = 5 - 5. Let w be -1 + (o + 2 - 5). Calculate y(w).
2
Let x(d) = -2 + 3*d + 13*d + 1 - 17*d + 6*d. Let z(a) = -a**2 + 7. Let t be z(0). Determine x(t).
34
Let i = -230 + 233. Let m(u) = -u**i + 210*u**2 - 203*u**2 + 7 - 1. Give m(7).
6
Let h(y) = -y**2 - 23*y - 30. Let s = -21 + 3. Let j be h(s). Suppose 0 = 6*i + j - 0. Let a(r) = r + 6. Determine a(i).
-4
Let n(u) = -9 - 8*u**2 - 30000*u + u**3 + 29999*u + 5. What is n(8)?
-12
Let w be (-1)/(-4) + 11/4. Let a(f) = 10*f**2 - 4*f + 3. Let b be a(1). Let r(m) = -4*m + 22*m - 8*m - b*m + 2. Calculate r(w).
5
Let t(m) = -51*m**2 + 5*m + 5. Let k = -3177 - -3176. Give t(k).
-51
Suppose 6*b + 2*b = -5*b. Let n(q) = q**2 + 2*q + 15. Give n(b).
15
Let z(c) = 41*c**3 - 6*c**2 + 11*c - 20. Let w(h) = -8*h**3 - 2*h**2 + h + 1. Let f(n) = 5*w(n) + z(n). Calculate f(15).
0
Let v(h) = 54*h + 1. Let q = -16553 + 16556. Determine v(q).
163
Let i(s) = -s**2 - 13*s + 20. Let g(q) = -q**2 - 8*q + 18. Let p(y) = 4*g(y) - 3*i(y). Give p(12).
-48
Let x be -1*((-346)/(-14) - 6/(-21)). Let u = -43 - x. Let l = 23 + u. Let r(g) = -g**2 + 7*g - 3. Give r(l).
7
Let p(w) = -8*w + 6 - 20*w + 27*w. Let v = -33 - -14. Let f = v - -27. Determine p(f).
-2
Let u = 4309 + -4304. Let d(b) = 2*b**2 - 14*b + 12. What is d(u)?
-8
Suppose -a + 5*k - 18 = 1, 3*k = -a + 21. Let v(m) be the third derivative of 0*m + 1/120*m**6 + 10*m**2 + 1/3*m**4 - 5/6*m**3 - 1 - 7/60*m**5. Determine v(a).
7
Let f(l) be the first derivative of 4*l**2 - 1/3*l**3 + 313 - 8*l. Let x(u) = u**2 + u. Let b be x(2). What is f(b)?
4
Let k = -19325 - -19323. Let r(j) = 7*j**3 + 4*j**2 + 5*j + 3. Determine r(k).
-47
Suppose 2*u - 12 - 16 = 0. Let f be ((-21)/u + 1)*(23 + 1). Let j(r) = r**2 + 13*r + 16. Calculate j(f).
4
Let b(p) be the second derivative of 9*p**3/2 - 372*p - 2. Calculate b(-1).
-27
Suppose 7755 = 14*t + 7741. Let m(b) be the third derivative of -3*b**2 + 0 + 1/4*b**4 + 0*b**3 + 0*b. What is m(t)?
6
Let c(n) = 2*n - 8. Suppose -4*u + 200 = -5*g + g, -u = -4. Let m = 44 + g. Let z be (1/m)/((-1)/12). Give c(z).
4
Let j(x) = -45*x - 26. Let h be j(-1). Suppose -16*a + h*a + 12 = 0. Let g(m) = -m + 1. Give g(a).
5
Let v = -1989 - -1983. Let g(i) = -i**3 - 2*i**2 + 4*i - 25. Give g(v).
95
Suppose 4*z = 24, -2*f - 4*z - 384 + 426 = 0. Let j(m) = 48*m - 430. What is j(f)?
2
Let o(c) = c**3 + 8*c**2 + 3*c + 8. Let l be o(-8). Let u = l + 18. Suppose d + 4*p = 2*p + 13, -u*d = -4*p + 14. Let g(f) = f**2 - f - 2. Calculate g(d).
4
Let m(d) = 7*d - 15. Let v(n) = -7*n + 15. Let k(i) = -6*m(i) - 7*v(i). What is k(9)?
48
Let c(o) = -10 - 25*o + 1 + 14*o + 12*o. Calculate c(-2).
-11
Let a(c) = 12 + 12 + 14 - 28 - 3*c - 3*c. Let x(s) = -12*s + 25. Let b(k) = -5*a(k) + 2*x(k). Give b(3).
18
Suppose -122*k = -109*k - 312. Let m be ((-644)/k)/7 + (-3)/18. Let r(x) = x**3 + 4*x**2 + 5 - x + 8*x + x**2. Calculate r(m).
-7
Let q = 72 + -76. Let m = -30 + q. Let o = m - -31. Let a(c) = -c**2 - 2*c + 3. Give a(o).
0
Let s(c) = -3*c**2 + 5*c - 1. Let k be (1/2)/(4/(160/(-4))). Let j(a) = -4*a**2 + 5*a. Let g(v) = k*s(v) + 4*j(v). Calculate g(-5).
5
Let m be (5 - 10) + 4/2. Let q(o) = 14*o + 9. Let r be q(m). Let g = r - -41. Let s(d) = d**3 - 7*d**2 - 10*d + 9. Calculate s(g).
-7
Suppose -95*k - 498 = -344*k. Let h(a) = a**3 - 3*a**2 + 8*a - 7. Determine h(k).
5
Suppose 52*j - 57*j = -60. Let y(d) = -2*d**2 + 25*d - 5. What is y(j)?
7
Let v(y) be the second derivative of -2*y - 5/2*y**2 + 1/20*y**5 - 7/6*y**3 + 1/4*y**4 + 26. Determine v(-4).
7
Let k(u) = -7*u**2 - 3*u - 4. Let w be (1/2)/((198/12)/(-33)). Give k(w).
-8
Suppose 0 = 2*b + 2, b = -3*q - 6 + 11. Suppose -8*n = q*n - 60. Suppose n*l + 19 = -5. Let j(h) = h**2 + 4*h - 2. Calculate j(l).
-2
Suppose 0*u + 3*u + 416 = 5*n, -4*u - 3*n - 603 = 0. Let h = 148 + u. Let d(q) = 5*q**2 - q. Calculate d(h).
4
Let w(g) = 5*g**2 - 28*g - 7. Suppose 1128 = 151*c - c + 38*c. Calculate w(c).
5
Suppose -6*o = 4*o - 20. Suppose 4 - o = -d + f, 5*d + 38 = -2*f. Let n be d/(-2*(-1)/3) + -2. Let s(i) = i**2 + 10*i - 13. Give s(n).
-2
Let j(l) be the third derivative of -9*l**6/40 + l**4/24 - l**3/6 - 1028*l**2. Give j(1).
-27
Let i(k) be the third derivative of -k**4/8 - 37*k**3/3 - 1292*k**2. Calculate i(-25).
1
Let s(a) = 244*a - 283. Let k be s(1). Let n(b) = b**3 + 41*b**2 + 78*b + 10. Give n(k).
10
Let f(w) = -53*w - 5077. Let y be f(-96). Let u(j) = j**2 - 9*j + 5. What is u(y)?
27
Let q(b) = b**3 + 18*b**2 - 21*b + 2. Suppose 51*n + 294 + 675 = 0. Determine q(n).
40
Let u(w) = -w - 1. Let n(x) = 24*x + 24*x - 3 - 53*x. Let k be n(-1). Let t be (-12)/k - 1/(3/(-9)). What is u(t)?
2
Suppose -15 = 9*i - 87. Suppose -r + 3*r = i. Let u(h) = -h**2 - h + 1. Let c(t) = t**3 + 2*t**2 + 5*t - 3. Let d(w) = c(w) + 6*u(w). Determine d(r).
-1
Let z(s) = -3*s + 6. Let d(o) = -4*o - 10. Let m be ((-6)/9*-3)/((-2)/4). Let w be d(m). Let q(y) = 4*y - 7. Let a(r) = w*z(r) + 5*q(r). Give a(-3).
-5
Suppose 0*j + 108 = 6*j. Suppose 4*k = 10 - j. Let l(t) = 3*t**3 - t**2 + 4. Let p(n) = -13*n**3 + 4*n**2 - n - 17. Let d(w) = k*p(w) - 9*l(w). Determine d(2).
-2
Suppose 64 = 11*v + 5*v. Let h(d) = 4*d - 2 + 5 + 0 - d**2. Give h(v).
3
Let q(m) be the third derivative of -m**6/120 + 2*m**5/15 - m**4/3 - 2*m**3 - 276*m**2 + 1. Give q(6).
12
Let z(n) = 3*n**3 - n**2 - n + 5. Let u(q) = -2*q**3 + q**2 + q - 9. Let w(c) = u(c) + z(c). Let j = -41 - -41. Determine w(j).
-4
Let h(q) = q + 4. Let b(s) = -s**2 - 6. Let v = -338 - -341. Let x(m) = v*h(m) + 2*b(m). Let k(l) = -l**2 + l + 2. Let w be k(0). What is x(w)?
-2
Let r(c) = -11*c - 5 - 16 + 6*c**2 + 3 + c**3 + 6*c**2. Let d be r(-9). Let y(m) = 322*m**2 - d*m**2 + 3*m**3 - 3*m + 2*m. What is y(-1)?
-4
Let v(b) be the second derivative of 165*b + 0*b**3 - 1/3*b**4 - 1/20*b**5 + 0 + 1/2*b**2. Determine v(-5).
26
Let g(v) be the first derivative of v**3/3 - 27*v**2/2 - 125*v + 2357. Determine g(31).
-1
Let x(w) = -4*w**2 + 7*w + 1. Let l(t) be the second derivative of 7/12*t**4 + 0 - 11*t - 1/2*t**2 - 13/6*t**3. Let v(u) = 3*l(u) + 5*x(u). What is v(5)?
7
Let x(t) be the second derivative of -t**5/20 - 5*t**4/12 - t**3 - t**2/2 + 4*t. Suppose 164*i - 159*i + 30 = 0, -g + 2 = -i. Determine x(g).
7
Let x be (-40)/(-19) - 14/133. Suppose -3*h + x = -3*m + 11, -2*m = -h - 7. Let y(a) be the second derivative of -a**4/12 + 2*a**3/3 + a**2/2 + a. Give y(m).
1
Let j(l) = 3484 - 6823 - 5*l + 3373 + 2*l. Determine j(-14).
76
Let m(u) = -12*u - 2. Let a = -352 - -75. Let x = -276 - a. Determine m(x).
-14
Let a(j) = 32*j + 1264. Let v be a(-39). Let r(i) = i**3 - 15*i**2 - 14*i + 3. Determine r(v).
35
Let q(u) = -12*u**3 + 2 + 11*u**3 + 28*u**2 - 11*u - 20*u**2 - 1. Let g be 1 - 1 - (-29 - -23). What is q(g)?
7
Let f(n) = n**3 - 7*n**2 - 32*n + 16. Suppose 1036 = -112*m - 167*m + 3826. Calculate f(m).
-4
Let r(x) = 3*x**2 + 5*x + 18. Let a(b) = -2*b**2 - 5*b - 17. Let q(t) = -4*a(t) - 3*r(t). Give q(8).
-